{"version":"1.0","provider_name":"Philhoth\u00e9rapie","provider_url":"https:\/\/livre.philhotherapie.com","author_name":"Philippe Hoebeke","author_url":"https:\/\/livre.philhotherapie.com\/profile\/philho63gmail-com\/","title":"Retraite Spirituelle au Tessin du 07 au 14 septembre 2019 - Philhoth\u00e9rapie","type":"rich","width":600,"height":338,"html":"<blockquote class=\"wp-embedded-content\" data-secret=\"Kgo5BP1yA0\"><a href=\"https:\/\/livre.philhotherapie.com\/retraite-spirituelle-15-22-juin-2019\/\">Retraite Spirituelle au Tessin du 07 au 14 septembre 2019<\/a><\/blockquote><iframe sandbox=\"allow-scripts\" security=\"restricted\" src=\"https:\/\/livre.philhotherapie.com\/retraite-spirituelle-15-22-juin-2019\/embed\/#?secret=Kgo5BP1yA0\" width=\"600\" height=\"338\" title=\"\u00ab\u00a0Retraite Spirituelle au Tessin du 07 au 14 septembre 2019\u00a0\u00bb &#8212; Philhoth\u00e9rapie\" data-secret=\"Kgo5BP1yA0\" frameborder=\"0\" marginwidth=\"0\" marginheight=\"0\" scrolling=\"no\" class=\"wp-embedded-content\"><\/iframe><script type=\"text\/javascript\">\n\/*! This file is auto-generated *\/\n!function(c,d){\"use strict\";var e=!1,o=!1;if(d.querySelector)if(c.addEventListener)e=!0;if(c.wp=c.wp||{},c.wp.receiveEmbedMessage);else if(c.wp.receiveEmbedMessage=function(e){var t=e.data;if(!t);else if(!(t.secret||t.message||t.value));else if(\/[^a-zA-Z0-9]\/.test(t.secret));else{for(var r,s,a,i=d.querySelectorAll('iframe[data-secret=\"'+t.secret+'\"]'),n=d.querySelectorAll('blockquote[data-secret=\"'+t.secret+'\"]'),o=new RegExp(\"^https?:$\",\"i\"),l=0;l<n.length;l++)n[l].style.display=\"none\";for(l=0;l<i.length;l++)if(r=i[l],e.source!==r.contentWindow);else{if(r.removeAttribute(\"style\"),\"height\"===t.message){if(1e3<(s=parseInt(t.value,10)))s=1e3;else if(~~s<200)s=200;r.height=s}if(\"link\"===t.message)if(s=d.createElement(\"a\"),a=d.createElement(\"a\"),s.href=r.getAttribute(\"src\"),a.href=t.value,!o.test(a.protocol));else if(a.host===s.host)if(d.activeElement===r)c.top.location.href=t.value}}},e)c.addEventListener(\"message\",c.wp.receiveEmbedMessage,!1),d.addEventListener(\"DOMContentLoaded\",t,!1),c.addEventListener(\"load\",t,!1);function t(){if(o);else{o=!0;for(var e,t,r,s=-1!==navigator.appVersion.indexOf(\"MSIE 10\"),a=!!navigator.userAgent.match(\/Trident.*rv:11\\.\/),i=d.querySelectorAll(\"iframe.wp-embedded-content\"),n=0;n<i.length;n++){if(!(r=(t=i[n]).getAttribute(\"data-secret\")))r=Math.random().toString(36).substr(2,10),t.src+=\"#?secret=\"+r,t.setAttribute(\"data-secret\",r);if(s||a)(e=t.cloneNode(!0)).removeAttribute(\"security\"),t.parentNode.replaceChild(e,t);t.contentWindow.postMessage({message:\"ready\",secret:r},\"*\")}}}}(window,document);\n<\/script>\n","thumbnail_url":"https:\/\/livre.philhotherapie.com\/incl\/uploads\/2018\/05\/CZRiK1kXEAAgMqD.jpg","thumbnail_width":800,"thumbnail_height":532,"description":"Nous vous proposons une semaine au Tessin en Suisse. En notre compagnie \u00ab Monica et Philippe \u00bb dans le cadre de la PhilhoTh\u00e9rapie Dans le petit village typique \u2026Tessinois d\u2019Aranno, dans les hauteurs proche de Lugano pour vous d\u00e9tendre, rel\u00e2cher les tensions, vous accorder un instant pour vous. Une semaine de m\u00e9ditation, de relaxation, de &hellip; Continuer la lecture de &laquo;&nbsp;&nbsp;&raquo;"}

Philhothérapie

Retraite Spirituelle au Tessin du 07 au 14 septembre 2019 - Philhothérapie

<blockquote class="wp-embedded-content" data-secret="Kgo5BP1yA0"><a href="https://livre.philhotherapie.com/retraite-spirituelle-15-22-juin-2019/">Retraite Spirituelle au Tessin du 07 au 14 septembre 2019</a></blockquote><iframe sandbox="allow-scripts" security="restricted" src="https://livre.philhotherapie.com/retraite-spirituelle-15-22-juin-2019/embed/#?secret=Kgo5BP1yA0" width="600" height="338" title="« Retraite Spirituelle au Tessin du 07 au 14 septembre 2019 » &#8212; Philhothérapie" data-secret="Kgo5BP1yA0" frameborder="0" marginwidth="0" marginheight="0" scrolling="no" class="wp-embedded-content"></iframe><script type="text/javascript">
/*! This file is auto-generated */
!function(c,d){"use strict";var e=!1,o=!1;if(d.querySelector)if(c.addEventListener)e=!0;if(c.wp=c.wp||{},c.wp.receiveEmbedMessage);else if(c.wp.receiveEmbedMessage=function(e){var t=e.data;if(!t);else if(!(t.secret||t.message||t.value));else if(/[^a-zA-Z0-9]/.test(t.secret));else{for(var r,s,a,i=d.querySelectorAll('iframe[data-secret="'+t.secret+'"]'),n=d.querySelectorAll('blockquote[data-secret="'+t.secret+'"]'),o=new RegExp("^https?:$","i"),l=0;l<n.length;l++)n[l].style.display="none";for(l=0;l<i.length;l++)if(r=i[l],e.source!==r.contentWindow);else{if(r.removeAttribute("style"),"height"===t.message){if(1e3<(s=parseInt(t.value,10)))s=1e3;else if(~~s<200)s=200;r.height=s}if("link"===t.message)if(s=d.createElement("a"),a=d.createElement("a"),s.href=r.getAttribute("src"),a.href=t.value,!o.test(a.protocol));else if(a.host===s.host)if(d.activeElement===r)c.top.location.href=t.value}}},e)c.addEventListener("message",c.wp.receiveEmbedMessage,!1),d.addEventListener("DOMContentLoaded",t,!1),c.addEventListener("load",t,!1);function t(){if(o);else{o=!0;for(var e,t,r,s=-1!==navigator.appVersion.indexOf("MSIE 10"),a=!!navigator.userAgent.match(/Trident.*rv:11\./),i=d.querySelectorAll("iframe.wp-embedded-content"),n=0;n<i.length;n++){if(!(r=(t=i[n]).getAttribute("data-secret")))r=Math.random().toString(36).substr(2,10),t.src+="#?secret="+r,t.setAttribute("data-secret",r);if(s||a)(e=t.cloneNode(!0)).removeAttribute("security"),t.parentNode.replaceChild(e,t);t.contentWindow.postMessage({message:"ready",secret:r},"*")}}}}(window,document);
</script>

Nous vous proposons une semaine au Tessin en Suisse. En notre compagnie « Monica et Philippe » dans le cadre de la PhilhoThérapie Dans le petit village typique …Tessinois d’Aranno, dans les hauteurs proche de Lugano pour vous détendre, relâcher les tensions, vous accorder un instant pour vous. Une semaine de méditation, de relaxation, de &hellip; Continuer la lecture de &laquo;&nbsp;&nbsp;&raquo;
